x**2 + 15*x - 9. Let v be m(14). Suppose 2*l + 64 = -4*w - 2*l, 3*l - 48 = v*w. What are the prime factors of p(w)?
2, 7
Suppose 76*y - 462154 - 814190 = 0. List the prime factors of y.
2, 3, 311
Let l(j) = 2*j**3 - j**2 + 24*j + 2174. Let n(c) = c**3 - c**2 + 13*c + 1087. Let y(s) = 4*l(s) - 7*n(s). What are the prime factors of y(0)?
1087
Suppose 4*p - 26148 - 29757 = -11*p. What are the prime factors of p?
3727
Let t(s) = s**2 - 11*s + 16. Suppose 2*m = 2*g + 18, -3*m - 2*g + 42 = m. Let o be t(m). List the prime factors of (-2)/(-7) + 1366*o/28.
293
Let p(r) = r**2 - 9*r + 7. Let u = 49 + -28. Let g be p(u). Suppose -5*q - g = -2*k, 2*k = 5*q - q + 260. List the prime factors of k.
2, 3, 11
Let o = 88 + -115. Let s = 315 + o. What are the prime factors of s?
2, 3
Let r = 11201 - 5575. What are the prime factors of r?
2, 29, 97
Suppose -11*u + 1046 + 20833 = 0. What are the prime factors of u?
3, 13, 17
Let p be -10 - 0*(-1)/(-3). Let j be p/45*30*-3. Suppose 2*d - 2*n - j = 0, -n + 16 + 16 = 5*d. List the prime factors of d.
7
Let b be 4/10*(12 + -7). Suppose b = y + 2. Suppose -4*d = 5*u - 261, 0 = 2*d + 4*u - y*u - 132. What are the prime factors of d?
2
List the prime factors of (-1572000)/(-1140) - (-4)/76.
7, 197
Let w(s) = -262*s + 9963. What are the prime factors of w(-53)?
7, 3407
List the prime factors of (-13)/234 - 1526186/(-36).
2, 11, 41, 47
Let m(j) = 26*j - 73. Let s be m(3). Suppose 2*g + 1188 = s*g. List the prime factors of g.
2, 3, 11
Let m(p) = 7*p**2 - 63*p + 450. What are the prime factors of m(59)?
2, 5, 211
Let u be ((-3)/2)/((-6)/8). Let c(q) = 66*q + 201. Let g be c(-3). Suppose -m - 65 = -v, u*v + g*m - 69 = v. What are the prime factors of v?
2, 3, 11
Let a be (-12 - -2)/(-2) + -23. Let r be a/(-63) + 1844/14. Let o = r + 73. What are the prime factors of o?
5, 41
Let i be (-1)/(-3) - 418/(-6). List the prime factors of 30/i + (-5132)/(-14).
367
Let n = 19 + -17. Suppose 3*c - 4*t - 154 = 0, -3*t = -3*c - n*t + 169. What are the prime factors of c?
2, 29
Let s be (6419 + (0 - -1) - -2) + 4. List the prime factors of s/27 + -4 + 0.
2, 3, 13
Let w(y) = y**2 + 3*y. Let c be (-5)/(15/24) - 0. Let f be w(c). Let r = 134 - f. List the prime factors of r.
2, 47
Let o(y) = -y**3 - 7*y**2 - y - 7. Let r be o(-7). Suppose r*x + 4 = -x, x = -5*h + 16. Suppose 0 = -c + 18 + h. What are the prime factors of c?
2, 11
Let r be (-1)/((-3)/(-66)*-2). Suppose 0 = n - 3*h - 213, 426 = 2*n - 7*h + 9*h. Suppose n + r = 2*y. What are the prime factors of y?
2, 7
Suppose -23215 = -4*s + 5*x, -6339 = -2*s - 5*x + 5306. Let d = -4079 + s. List the prime factors of d.
3, 577
Suppose -641 = 5*g - 13963 - 4063. List the prime factors of g.
3, 19, 61
Let l(i) = 22*i**2 + 3*i + 8. Let m be l(-4). Suppose m*o - 347*o - 182 = 0. List the prime factors of o.
2, 7, 13
Suppose -68739 = -3*o - 3*v, 0*o - 22921 = -o - 2*v. List the prime factors of o.
3, 5, 509
Let d(q) = q**2 - 26*q - 12. Let z be d(19). Let w be z/(-2)*(7 - 0 - 5). Suppose -4*t + 351 + w = 0. What are the prime factors of t?
2, 31
Let l(c) = -24 - 5*c + 4*c - 17*c. Let a(r) = -r**2 + 74*r - 858. Let n be a(14). List the prime factors of l(n).
2, 3, 5
Let u be ((-72)/8 - -6) + 503. Let b = 43 + u. What are the prime factors of b?
3, 181
Suppose 7*c - 2*c = 10. Let z be (-2 + 1)*3*c/(-2). Suppose 5*r - 156 = z*r. What are the prime factors of r?
2, 3, 13
Suppose -5*j - 29 = -3*n, n + 2*j = 2*n - 10. Suppose -17*a + n = -13*a. Suppose 5*p - a*t = 797, 2*p - 320 = -0*t + 2*t. What are the prime factors of p?
3, 53
Let i = 234 - 107. Let s = i + 594. What are the prime factors of s?
7, 103
Suppose 45*t = 370386 - 32796. List the prime factors of t.
2, 11, 31
Let h = -19805 + 42705. List the prime factors of h.
2, 5, 229
Suppose -14*i + 10504 = -246928. What are the prime factors of i?
2, 4597
Suppose -2157*n + 2148*n + 121746 + 53853 = 0. What are the prime factors of n?
109, 179
Suppose 0 = 51*o + 42*o - 787896. List the prime factors of o.
2, 3, 353
Let n(x) = -5478*x + 5385. What are the prime factors of n(-8)?
3, 47, 349
Suppose 3*x = -4*l - 0*x + 43, 0 = -3*x + 15. What are the prime factors of ((-236)/l)/((-2)/7)?
2, 59
Let i(d) = 4*d**2 - d**2 + 14 + d - 25 + 26. List the prime factors of i(5).
5, 19
Let o = 798 + -373. Let t = o - 224. What are the prime factors of t?
3, 67
Let q(h) = h**3 - 3*h**2 - 14*h + 26. Let z be q(4). List the prime factors of (28/(-10))/(-5*z/(-18550)).
2, 7, 53
Let l = -1421 - -2082. Suppose -t - 11*h + 8*h = -l, t = -5*h + 659. List the prime factors of t.
2, 83
Let q(k) = -2*k**2 - 9*k + 24. Let y be q(-8). Let t be 0/1 - (-1 + 0 + y). Let h = 45 - t. List the prime factors of h.
2, 3
Let y be 118/(-10) + (-1)/5. Let k(h) = -83*h - h**3 - 80*h - 28 - h**2 - 10*h**2 + 167*h. What are the prime factors of k(y)?
2, 17
Let h be 323/85 + (6/10)/3. Let s be -3*69/(-27) + h/(-6). List the prime factors of 2/3*(35/s + 151).
2, 13
Let w = 437 - 436. Let u(s) = 1061*s**3 - 3*s**2 - 5*s + 6. List the prime factors of u(w).
3, 353
Suppose -5*p + 2*i + 7428 = -136497, p - i = 28788. What are the prime factors of p?
107, 269
Let n(z) = -2*z. Let x(c) = 75*c + 64. Let g(v) = 3*n(v) + x(v). What are the prime factors of g(6)?
2, 239
Let q(c) = 2*c**2 + 40*c + 885. List the prime factors of q(-36).
3, 7, 97
List the prime factors of (-26)/(-195) + ((-327913)/(-15) - -6).
3, 37, 197
Suppose -2*l + 4*a + 333 = -11, 549 = 3*l + 5*a. Suppose -2*q = 2 - 140. Let b = l - q. List the prime factors of b.
109
Let h(s) = -s + 29. Let b be h(17). Suppose 8 = 5*a - b. List the prime factors of -2 - ((4 + -3 - 79) + a).
2, 3
What are the prime factors of (-21)/(-3)*-18*2942/(-42)?
2, 3, 1471
Suppose -98*a + 26220 = -86*a. What are the prime factors of a?
5, 19, 23
List the prime factors of (4 - 4564)/4*(-15)/(540/2508).
2, 5, 11, 19
Let t(u) = u**2 + 10*u + 3072. List the prime factors of t(0).
2, 3
Let q be 1 + -6 + 11 + 0. Let l(r) = -14*r + 7. Let n be l(q). Let x = n - -163. What are the prime factors of x?
2, 43
Let c be ((-1 - -3) + -1)*(-9)/(-3). Let x(f) = 7*f**3 + f**2. List the prime factors of x(c).
2, 3, 11
List the prime factors of (-3)/(-2)*-4 - (-3730)/(-10)*-28.
2, 17, 307
Suppose 0 = -5*u - 3*t + 373, 37*t - 393 = -5*u + 39*t. Suppose -43 = 5*v - 203. Let o = u - v. List the prime factors of o.
3, 5
Suppose 2*n = 3*n - 43. Let l = -47 + n. List the prime factors of -234*(l/8 + 0).
3, 13
Suppose 5*o + 45 = -0. Let h be (-88)/o + (-20)/(-90). Suppose -2*v + 4*i = -34, -2*i - h = -0*i. What are the prime factors of v?
7
Suppose -4*r - 20 = 0, 30 = -w - 4*r - 179. Let k = -89 - w. Suppose k = 6*a - 38. What are the prime factors of a?
23
List the prime factors of (-1)/3*954/(-53) - -2414.
2, 5, 11
Let k = -209 + 351. Suppose g - 242 - k = 0. List the prime factors of g.
2, 3
Let p be 70 + ((-5)/(-8))/(19/152). Suppose -p = -c + 5*l + 393, -3*l = 3*c - 1386. What are the prime factors of c?
463
Let d(a) = -2*a**3 - 7*a**2 - 6*a + 7. Let f be d(-3). What are the prime factors of 114/9*168/f?
7, 19
Let g(n) = 13*n + 78. Let t be g(30). Let w = 800 - t. List the prime factors of w.
2, 83
Let y = -43215 - -127366. What are the prime factors of y?
19, 43, 103
Let f be -4 - ((-27)/6 + 9/(-6)). Suppose f*m = -3*h + 904, 11*h - 2267 = -5*m + 7*h. Suppose 7*k - 12*k = -m. List the prime factors of k.
7, 13
Let d = 3338 - 2822. List the prime factors of d.
2, 3, 43
Let w(v) = 6*v + 51. Let z be w(-7). Suppose z = 2*m + 1. What are the prime factors of 87 - ((2 + -6)/m - 1)?
89
Let u = 4866 - -4864. Suppose -32*x + u = -3966. List the prime factors of x.
2, 107
Let s = 515 + -510. Let h(i) = 38*i + 270. What are the prime factors of h(s)?
2, 5, 23
Suppose 0*h - 5*t = -h + 61, 2*h = 2*t + 98. Suppose -h*k = -44*k + 6, 3*k + 4914 = 5*u. What are the prime factors of u?
3, 109
Let r(i) = 7*i**2 + 8*i - 22. Let u = 97 + -73. Suppose 0 = 4*k + q - u, 0*q + 5*q - 20 = 0. List the prime factors of r(k).
193
Let z(l) = -70*l - 62. Let w be z(6). Let m = -35 - w. What are the prime factors of m?
3, 149
Suppose 0 = -12*x + 875 + 817. Let a = 100 + x. What are the prime factors of a?
241
Let s(z) = -z**2 + 4*z - 3. Let l be s(3). Suppose l = -4*t + 890 + 902. Suppose -2*x = -2*n - 2